{"id":715,"date":"2021-02-04T14:13:42","date_gmt":"2021-02-04T12:13:42","guid":{"rendered":"https:\/\/vapepro.co.uk\/privacy-policy\/"},"modified":"2022-06-29T16:47:30","modified_gmt":"2022-06-29T14:47:30","slug":"privacy-policy","status":"publish","type":"page","link":"http:\/\/vapepro.eu\/switzerland\/privacy-policy\/","title":{"rendered":"Privacy policy"},"content":{"rendered":"\t\t<div data-elementor-type=\"wp-page\" data-elementor-id=\"715\" class=\"elementor elementor-715\">\n\t\t\t\t\t\t\t\t\t<section class=\"elementor-section elementor-top-section elementor-element elementor-element-16bcd971 elementor-section-boxed elementor-section-height-default elementor-section-height-default\" data-id=\"16bcd971\" data-element_type=\"section\" data-settings=\"{&quot;background_background&quot;:&quot;classic&quot;}\">\n\t\t\t\t\t\t<div class=\"elementor-container elementor-column-gap-default\">\n\t\t\t\t\t<div class=\"elementor-column elementor-col-100 elementor-top-column elementor-element elementor-element-c37ca73\" data-id=\"c37ca73\" data-element_type=\"column\">\n\t\t\t<div class=\"elementor-widget-wrap elementor-element-populated\">\n\t\t\t\t\t\t\t\t<div class=\"elementor-element elementor-element-19bfa8d elementor-widget elementor-widget-heading\" data-id=\"19bfa8d\" data-element_type=\"widget\" data-widget_type=\"heading.default\">\n\t\t\t\t<div class=\"elementor-widget-container\">\n\t\t\t<h1 class=\"elementor-heading-title elementor-size-default\">Datenschutz-Bestimmungen<\/h1>\t\t<\/div>\n\t\t\t\t<\/div>\n\t\t\t\t<div class=\"elementor-element elementor-element-c9a8521 elementor-widget elementor-widget-text-editor\" data-id=\"c9a8521\" data-element_type=\"widget\" data-widget_type=\"text-editor.default\">\n\t\t\t\t<div class=\"elementor-widget-container\">\n\t\t\t\t\t\t\t<p>Diese Datenschutzrichtlinie enth\u00e4lt Informationen dar\u00fcber, wie das Unternehmen \u201eTradeon BG\u201c Ltd., registriert in der Registrierungsagentur mit UIC: 205933493, mit Sitz und Adresse: Sofia, Gorublyane, Blvd. Samokovsko shose \u211623, im Folgenden als Weippro (&#8220;uns&#8221;, &#8220;wir&#8221; oder &#8220;unser&#8221;) bezeichnet, verwendet die personenbezogenen Daten, die Sie uns bei der Nutzung unserer Dienste zur Verf\u00fcgung stellen, ohne sich auf die Nutzung unserer Website und mobilen Anwendungen (zusammenfassend als \u201eWebsite\u201c bezeichnet). Bitte lesen Sie diese Datenschutzrichtlinie und vergewissern Sie sich, dass Sie sie verstanden haben.<\/p><p>Indem Sie den Bedingungen dieser Datenschutzrichtlinie zustimmen, stimmen Sie zu, dass Ihre personenbezogenen Daten gem\u00e4\u00df den Bedingungen dieser Datenschutzrichtlinie erfasst werden, und Sie haben das Recht, Ihre Zustimmung jederzeit zu widerrufen.<\/p><p>Welche Informationen sammeln wir?<\/p><p>Wir erfassen personenbezogene Daten, wenn Sie unsere Website besuchen, wenn Sie Waren oder Dienstleistungen auf der Website durchsuchen, durch von uns bereitgestellte Umfragen. Wir sammeln auch Informationen dar\u00fcber, wie Sie die Website durch sogenannte Cookies (wie unten definiert) verwenden. Weippro wird bei Bedarf Daten sammeln, die Sie und\/oder Ihren Standort identifizieren.<\/p><p>Pers\u00f6nliche Informationen<br \/>Bei der Nutzung unseres Dienstes bitten wir Sie m\u00f6glicherweise, uns bestimmte personenbezogene Daten zur Verf\u00fcgung zu stellen, die zur Kontaktaufnahme oder Identifizierung verwendet werden k\u00f6nnen (\u201epersonenbezogene Daten\u201c). Zu den personenbezogenen Daten k\u00f6nnen geh\u00f6ren, sind aber nicht beschr\u00e4nkt auf:<\/p><p>E-Mail-Addresse;<br \/>Name und Nachname;<br \/>Telefonnummer;<br \/>Adresse;<br \/>Geolokalisierungsinformationen;<br \/>Cookies und Daten zur Nutzung des Dienstes.<br \/>Die Erfassung personenbezogener Daten erfolgt nur unter der Bedingung, dass Sie uns diese freiwillig zur Verf\u00fcgung stellen. Wir erfassen Daten nur zum Zweck der Erbringung der auf unserer Website angebotenen Dienstleistungen sowie um Ihnen Informationen \u00fcber Weippro und die Dienstleistungen, an denen Sie interessiert sind, zukommen zu lassen. Wir k\u00f6nnen Ihre personenbezogenen Daten erfassen durch: Bestellungen verschiedener Waren\/Dienstleistungen, online und per Telefon; Teilnahme an Wettbewerben und Wettbewerben; unseren Newsletter abonnieren; Erstellen eines Benutzerprofils; Senden von Nachrichten \u00fcber unser Kontaktformular oder durch Korrespondenz auf der Website oder durch Werbung, Forschung und Direktmarketing. Wir sammeln keine sensiblen Daten \u00fcber Sie.<\/p><p>Tracking- und Cookie-Daten<br \/>Cookies sind Computerdaten und insbesondere Textdateien, die auf dem Endger\u00e4t des Benutzers gespeichert werden und zur Verwendung auf Webseiten bestimmt sind. Diese Dateien erm\u00f6glichen es dem Benutzer, das Ger\u00e4t zu identifizieren und die Webseite korrekt anzuzeigen, die auf seine individuellen Pr\u00e4ferenzen zugeschnitten ist. Cookies enthalten in der Regel den Namen der Website, von der sie stammen, die Zeit ihrer Speicherung auf dem Endger\u00e4t und eine eindeutige Nummer.<\/p><p>Wir verwenden Cookies und \u00e4hnliche Technologien, um Aktivit\u00e4ten auf unserer Website zu verfolgen. Wir speichern bestimmte technische Informationen nur, um die Qualit\u00e4t unserer Dienstleistungen zu verbessern. Solche Informationen k\u00f6nnen Ihren Standort und\/oder einige seiner Funktionen, Leistungsdaten Ihres Ger\u00e4ts, Informationen zu Ihrem Browser und Betriebssystem\/Dienstanbieter, einschlie\u00dflich Verbindungsmethode, IP-Adresse, Datum und Dauer des Zugriffs, get\u00e4tigte Anfragen umfassen. von Ihnen, Menge der \u00fcbertragenen Daten, Sonstiges.<\/p><p>Ihr Ger\u00e4t und \/ oder Webbrowser sollte es Ihnen erm\u00f6glichen, die Verwendung von Cookies in ihren Einstellungen zuzulassen oder zu deaktivieren, wenn Sie dies w\u00fcnschen. Bitte beachten Sie, dass die Einschr\u00e4nkung der Verwendung von Cookies einige der auf der Website verf\u00fcgbaren Funktionen beeintr\u00e4chtigen kann.<\/p><p>Bitte beachten Sie, dass das Deaktivieren von Cookies nur f\u00fcr einen bestimmten Browser gilt. Dies bedeutet, dass die gleichen Ma\u00dfnahmen f\u00fcr jeden anderen Browser ergriffen werden m\u00fcssen, der auf demselben oder einem anderen Ger\u00e4t verwendet wird.<\/p><p>Um mehr \u00fcber Cookies zu erfahren, einschlie\u00dflich der \u00dcberpr\u00fcfung, Verwaltung oder L\u00f6schung von Cookies, besuchen Sie www.allaboutcookies.org.<\/p><p>Tracking-Daten zur Analyse<\/p><p>Wir k\u00f6nnen Drittanbieter einsetzen, um die Nutzung unseres Dienstes zu \u00fcberwachen und zu analysieren.<\/p><p>Google Analytics<\/p><p>Google Analytics ist ein von Google angebotener Webanalysedienst, der den Website-Verkehr verfolgt und nachverfolgt. Google verwendet die gesammelten Daten, um die Nutzung unseres Dienstes zu verfolgen und zu \u00fcberwachen. Diese Daten werden mit anderen Google-Diensten geteilt. Google kann die gesammelten Daten verwenden, um Anzeigen aus seinem eigenen Werbenetzwerk zu kontextualisieren und anzupassen.<\/p><p>Sie k\u00f6nnen die Aktivierung Ihres Google Analytics-Dienstes deaktivieren, indem Sie das Browser-Add-on zur Deaktivierung von Google Analytics installieren. Das Add-on l\u00e4sst nicht zu, dass JavaScript von Google Analytics (ga.js, analytics.js und dc.js) Informationen \u00fcber Besuchsaktivit\u00e4ten mit Google Analytics teilt.<\/p><p>Weitere Informationen zu den Datenschutzpraktiken von Google finden Sie auf der Webseite Google Privacy Policy: Google Privacy &amp; Terms: https:\/\/policies.google.com\/privacy?hl=de<\/p><p>Links zu anderen Websites<\/p><p>Unser Service kann Links zu anderen Websites enthalten, die nicht von uns betrieben werden. Wenn Sie auf einen Drittanbieter-Link klicken, werden Sie auf die Website des Drittanbieters weitergeleitet. Wir empfehlen Ihnen, die Datenschutzrichtlinie jeder Website, die Sie besuchen, zu \u00fcberpr\u00fcfen.<\/p><p>Weippro kontrolliert oder \u00fcbernimmt keine Verantwortung f\u00fcr die Inhalte, Datenschutzrichtlinien oder Praktiken von Websites oder Diensten Dritter.<\/p><p>Verwendung von Daten<\/p><p>Weippro verwendet die gesammelten Informationen f\u00fcr verschiedene Zwecke:<\/p><p>Um qualitativ hochwertigen Support f\u00fcr die Website und die von uns angebotenen Dienste bereitzustellen;<br \/>Um Sie \u00fcber \u00c4nderungen an der Website und den von uns angebotenen Diensten zu informieren;<br \/>Um Ihnen die Teilnahme an interaktiven Funktionen im Zusammenhang mit der Website und den von uns angebotenen Diensten zu erm\u00f6glichen, wenn Sie dies w\u00fcnschen;<br \/>Um den Benutzern der Website und der von uns angebotenen Dienste kontinuierliche Betreuung und Unterst\u00fctzung zu bieten;<br \/>Um Analysen oder Informationen zu erhalten und bereitzustellen, um die Qualit\u00e4t der Website und der von uns angebotenen Dienstleistungen zu verbessern;<br \/>Um die Nutzung der Website und der von uns angebotenen Dienste zu verfolgen;<br \/>Um technische Probleme zu erkennen, zu verhindern und zu beheben, Daten\u00fcbertragung.<br \/>Ihre Informationen, einschlie\u00dflich personenbezogener Daten, k\u00f6nnen an Computer \u00fcbertragen werden, die sich au\u00dferhalb Ihres Staates, Landkreises oder einer anderen staatlichen Gerichtsbarkeit befinden, wo die Datenschutzgesetze von denen in Ihrer Gerichtsbarkeit abweichen k\u00f6nnen.<\/p><p>Wenn Sie sich au\u00dferhalb Bulgariens befinden und uns Informationen zur Verf\u00fcgung stellen m\u00f6chten, beachten Sie bitte, dass alle verf\u00fcgbaren Daten, einschlie\u00dflich personenbezogener Daten, in Bulgarien \u00fcbertragen und verarbeitet werden.<\/p><p>Ihre Zustimmung zu dieser Datenschutzrichtlinie, gefolgt von der \u00dcbermittlung dieser Informationen, stellt Ihre Zustimmung zu dieser \u00dcbertragung dar.<\/p><p>Weippro wird alle notwendigen Schritte unternehmen, um sicherzustellen, dass Ihre Daten sicher und in \u00dcbereinstimmung mit dieser Datenschutzrichtlinie behandelt werden und die \u00dcbertragung Ihrer personenbezogenen Daten nicht in eine Organisation oder ein Land erfolgt, es sei denn, es besteht eine angemessene Kontrolle, einschlie\u00dflich der Sicherheit Ihrer Daten und andere pers\u00f6nliche Informationen.<\/p><p>Offenlegung von Daten, gesetzliche Anforderungen<\/p><p>Weippro kann Ihre personenbezogenen Daten bei Bedarf weitergeben, um:<\/p><p>Zur Erf\u00fcllung einer rechtlichen Verpflichtung;<br \/>Um die Rechte oder das Eigentum von Weippro zu sch\u00fctzen und zu verteidigen;<br \/>Um m\u00f6gliche Verst\u00f6\u00dfe im Zusammenhang mit und \/ oder durch die Benutzer des Dienstes zu verhindern oder zu untersuchen;<br \/>Zum Schutz der pers\u00f6nlichen Sicherheit der Benutzer der Website und der von mir angebotenen Dienste oder der \u00d6ffentlichkeit;<br \/>Zum Schutz vor gesetzlicher Haftung.<br \/>Datensicherheit<\/p><p>Wir nehmen die Sicherheit Ihrer personenbezogenen Daten und Informationen im Allgemeinen ernst, aber keine \u00dcbertragungsmethode \u00fcber das Internet oder elektronische Speichermethode ist 100 % sicher. Durch den Einsatz aller kommerziell akzeptablen Mittel zum Schutz Ihrer personenbezogenen Daten k\u00f6nnen wir deren absolute Sicherheit nicht garantieren.<\/p><p>Dienstleister<\/p><p>Es ist m\u00f6glich, nat\u00fcrliche oder juristische Personen aus Drittstaaten zu beauftragen, um die Durchf\u00fchrung der von uns erbrachten Dienstleistungen zu erleichtern (\u201eDienstleister\u201c), um verschiedene T\u00e4tigkeiten in unserem Auftrag auszuf\u00fchren.<\/p><p>Diese Dritten haben nur Zugriff auf Ihre personenbezogenen Daten, um diese Aufgaben in unserem Auftrag auszuf\u00fchren, und sind verpflichtet, sie nicht weiterzugeben oder f\u00fcr andere Zwecke zu verwenden.<\/p><p>Privatsph\u00e4re der Kinder<\/p><p>Die Website und die von mir angebotenen Dienste richten sich nicht an Personen unter 18 Jahren (\u201eKinder\u201c).<\/p><p>Wir erheben wissentlich keine personenbezogenen Daten von Personen unter 18 Jahren! Wenn Sie ein Elternteil oder Erziehungsberechtigter sind und wissen, dass Ihre Kinder uns personenbezogene Daten zur Verf\u00fcgung gestellt haben, kontaktieren Sie uns bitte. Wenn uns bekannt wird, dass wir personenbezogene Daten von Kindern ohne elterliche Zustimmung gesammelt haben, ergreifen wir Ma\u00dfnahmen, um diese Daten von unseren Servern zu entfernen.<\/p><p>\u00c4nderungen an dieser Datenschutzrichtlinie<\/p><p>Im Falle von \u00c4nderungen an unserer Datenschutzrichtlinie werden wir Sie \u00fcber alle \u00c4nderungen informieren, indem wir die neue Datenschutzrichtlinie auf dieser Seite ver\u00f6ffentlichen.<\/p><p>Wir empfehlen Ihnen, diese Datenschutzrichtlinie regelm\u00e4\u00dfig auf \u00c4nderungen zu \u00fcberpr\u00fcfen. \u00c4nderungen an dieser Datenschutzrichtlinie werden wirksam, wenn sie auf dieser Seite ver\u00f6ffentlicht werden.<\/p><p>Kontakt mit uns<\/p><p>Wenn Sie Fragen zu dieser Datenschutzerkl\u00e4rung haben, kontaktieren Sie uns bitte:<\/p><p>Per E-Mail: office@vapepro.bg<br \/>Per Telefon: +359 888 118 040<br \/>Besuch dieser Seite auf unserer Website https:\/\/vapepro.bg\/contacts\/a<\/p>\t\t\t\t\t\t<\/div>\n\t\t\t\t<\/div>\n\t\t\t\t\t<\/div>\n\t\t<\/div>\n\t\t\t\t\t\t\t<\/div>\n\t\t<\/section>\n\t\t\t\t\t\t\t<\/div>\n\t\t","protected":false},"excerpt":{"rendered":"<p>Datenschutz-Bestimmungen Diese Datenschutzrichtlinie enth\u00e4lt Informationen dar\u00fcber, wie das Unternehmen \u201eTradeon BG\u201c Ltd., registriert in der Registrierungsagentur mit UIC: 205933493, mit Sitz und Adresse: Sofia, Gorublyane, Blvd. Samokovsko shose \u211623, im Folgenden als Weippro (&#8220;uns&#8221;, &#8220;wir&#8221; oder &#8220;unser&#8221;) bezeichnet, verwendet die personenbezogenen Daten, die Sie uns bei der Nutzung unserer Dienste zur Verf\u00fcgung stellen, ohne sich [&hellip;]<\/p>\n","protected":false},"author":1,"featured_media":0,"parent":0,"menu_order":0,"comment_status":"closed","ping_status":"open","template":"","meta":{"footnotes":""},"class_list":["post-715","page","type-page","status-publish","hentry"],"yoast_head":"<!-- This site is optimized with the Yoast SEO plugin v18.9 - https:\/\/yoast.com\/wordpress\/plugins\/seo\/ -->\n<title>Privacy policy - Vapepro<\/title>\n<meta name=\"description\" content=\"Read more about Privacy policy from Vapepro - disposable vapes\" \/>\n<meta name=\"robots\" content=\"index, follow, max-snippet:-1, max-image-preview:large, max-video-preview:-1\" \/>\n<link rel=\"canonical\" href=\"http:\/\/vapepro.eu\/switzerland\/privacy-policy\/\" \/>\n<meta property=\"og:locale\" content=\"en_US\" \/>\n<meta property=\"og:type\" content=\"article\" \/>\n<meta property=\"og:title\" content=\"Privacy policy - Vapepro\" \/>\n<meta property=\"og:description\" content=\"Read more about Privacy policy from Vapepro - disposable vapes\" \/>\n<meta property=\"og:url\" content=\"http:\/\/vapepro.eu\/switzerland\/privacy-policy\/\" \/>\n<meta property=\"og:site_name\" content=\"Vapepro\" \/>\n<meta property=\"article:publisher\" content=\"https:\/\/www.facebook.com\/vapeproofficial\" \/>\n<meta property=\"article:modified_time\" content=\"2022-06-29T14:47:30+00:00\" \/>\n<meta property=\"og:image\" content=\"http:\/\/vapepro.eu\/switzerland\/wp-content\/uploads\/2021\/02\/VAPEPRO-LOGO-COLORS-SOCIAL-04-removebg-preview-1.png\" \/>\n\t<meta property=\"og:image:width\" content=\"500\" \/>\n\t<meta property=\"og:image:height\" content=\"500\" \/>\n\t<meta property=\"og:image:type\" content=\"image\/png\" \/>\n<meta name=\"twitter:card\" content=\"summary_large_image\" \/>\n<meta name=\"twitter:label1\" content=\"Est. reading time\" \/>\n\t<meta name=\"twitter:data1\" content=\"6 minutes\" \/>\n<script type=\"application\/ld+json\" class=\"yoast-schema-graph\">{\"@context\":\"https:\/\/schema.org\",\"@graph\":[{\"@type\":\"Organization\",\"@id\":\"https:\/\/vapepro.eu\/switzerland\/#organization\",\"name\":\"Vapepro\",\"url\":\"https:\/\/vapepro.eu\/switzerland\/\",\"sameAs\":[\"https:\/\/www.instagram.com\/vapeproofficial\/\",\"https:\/\/www.youtube.com\/channel\/UCKJ733xAz3eO6VqQdH_50iA?guided_help_flow=3\",\"https:\/\/www.facebook.com\/vapeproofficial\"],\"logo\":{\"@type\":\"ImageObject\",\"inLanguage\":\"en-US\",\"@id\":\"https:\/\/vapepro.eu\/switzerland\/#\/schema\/logo\/image\/\",\"url\":\"http:\/\/vapepro.eu\/switzerland\/wp-content\/uploads\/2021\/02\/VAPEPRO-LOGO-COLORS-SOCIAL-04-removebg-preview-1.png\",\"contentUrl\":\"http:\/\/vapepro.eu\/switzerland\/wp-content\/uploads\/2021\/02\/VAPEPRO-LOGO-COLORS-SOCIAL-04-removebg-preview-1.png\",\"width\":500,\"height\":500,\"caption\":\"Vapepro\"},\"image\":{\"@id\":\"https:\/\/vapepro.eu\/switzerland\/#\/schema\/logo\/image\/\"}},{\"@type\":\"WebSite\",\"@id\":\"https:\/\/vapepro.eu\/switzerland\/#website\",\"url\":\"https:\/\/vapepro.eu\/switzerland\/\",\"name\":\"Vapepro\",\"description\":\"\u0423\u0431\u0438\u0435\u0446\u044a\u0442 \u043d\u0430 \u0446\u0438\u0433\u0430\u0440\u0438\",\"publisher\":{\"@id\":\"https:\/\/vapepro.eu\/switzerland\/#organization\"},\"potentialAction\":[{\"@type\":\"SearchAction\",\"target\":{\"@type\":\"EntryPoint\",\"urlTemplate\":\"https:\/\/vapepro.eu\/switzerland\/?s={search_term_string}\"},\"query-input\":\"required name=search_term_string\"}],\"inLanguage\":\"en-US\"},{\"@type\":\"WebPage\",\"@id\":\"http:\/\/vapepro.eu\/switzerland\/privacy-policy\/#webpage\",\"url\":\"http:\/\/vapepro.eu\/switzerland\/privacy-policy\/\",\"name\":\"Privacy policy - Vapepro\",\"isPartOf\":{\"@id\":\"https:\/\/vapepro.eu\/switzerland\/#website\"},\"datePublished\":\"2021-02-04T12:13:42+00:00\",\"dateModified\":\"2022-06-29T14:47:30+00:00\",\"description\":\"Read more about Privacy policy from Vapepro - disposable vapes\",\"breadcrumb\":{\"@id\":\"http:\/\/vapepro.eu\/switzerland\/privacy-policy\/#breadcrumb\"},\"inLanguage\":\"en-US\",\"potentialAction\":[{\"@type\":\"ReadAction\",\"target\":[\"http:\/\/vapepro.eu\/switzerland\/privacy-policy\/\"]}]},{\"@type\":\"BreadcrumbList\",\"@id\":\"http:\/\/vapepro.eu\/switzerland\/privacy-policy\/#breadcrumb\",\"itemListElement\":[{\"@type\":\"ListItem\",\"position\":1,\"name\":\"Home\",\"item\":\"https:\/\/vapepro.eu\/switzerland\/\"},{\"@type\":\"ListItem\",\"position\":2,\"name\":\"Privacy policy\"}]}]}<\/script>\n<!-- \/ Yoast SEO plugin. -->","yoast_head_json":{"title":"Privacy policy - Vapepro","description":"Read more about Privacy policy from Vapepro - disposable vapes","robots":{"index":"index","follow":"follow","max-snippet":"max-snippet:-1","max-image-preview":"max-image-preview:large","max-video-preview":"max-video-preview:-1"},"canonical":"http:\/\/vapepro.eu\/switzerland\/privacy-policy\/","og_locale":"en_US","og_type":"article","og_title":"Privacy policy - Vapepro","og_description":"Read more about Privacy policy from Vapepro - disposable vapes","og_url":"http:\/\/vapepro.eu\/switzerland\/privacy-policy\/","og_site_name":"Vapepro","article_publisher":"https:\/\/www.facebook.com\/vapeproofficial","article_modified_time":"2022-06-29T14:47:30+00:00","og_image":[{"width":500,"height":500,"url":"http:\/\/vapepro.eu\/switzerland\/wp-content\/uploads\/2021\/02\/VAPEPRO-LOGO-COLORS-SOCIAL-04-removebg-preview-1.png","type":"image\/png"}],"twitter_card":"summary_large_image","twitter_misc":{"Est. reading time":"6 minutes"},"schema":{"@context":"https:\/\/schema.org","@graph":[{"@type":"Organization","@id":"https:\/\/vapepro.eu\/switzerland\/#organization","name":"Vapepro","url":"https:\/\/vapepro.eu\/switzerland\/","sameAs":["https:\/\/www.instagram.com\/vapeproofficial\/","https:\/\/www.youtube.com\/channel\/UCKJ733xAz3eO6VqQdH_50iA?guided_help_flow=3","https:\/\/www.facebook.com\/vapeproofficial"],"logo":{"@type":"ImageObject","inLanguage":"en-US","@id":"https:\/\/vapepro.eu\/switzerland\/#\/schema\/logo\/image\/","url":"http:\/\/vapepro.eu\/switzerland\/wp-content\/uploads\/2021\/02\/VAPEPRO-LOGO-COLORS-SOCIAL-04-removebg-preview-1.png","contentUrl":"http:\/\/vapepro.eu\/switzerland\/wp-content\/uploads\/2021\/02\/VAPEPRO-LOGO-COLORS-SOCIAL-04-removebg-preview-1.png","width":500,"height":500,"caption":"Vapepro"},"image":{"@id":"https:\/\/vapepro.eu\/switzerland\/#\/schema\/logo\/image\/"}},{"@type":"WebSite","@id":"https:\/\/vapepro.eu\/switzerland\/#website","url":"https:\/\/vapepro.eu\/switzerland\/","name":"Vapepro","description":"\u0423\u0431\u0438\u0435\u0446\u044a\u0442 \u043d\u0430 \u0446\u0438\u0433\u0430\u0440\u0438","publisher":{"@id":"https:\/\/vapepro.eu\/switzerland\/#organization"},"potentialAction":[{"@type":"SearchAction","target":{"@type":"EntryPoint","urlTemplate":"https:\/\/vapepro.eu\/switzerland\/?s={search_term_string}"},"query-input":"required name=search_term_string"}],"inLanguage":"en-US"},{"@type":"WebPage","@id":"http:\/\/vapepro.eu\/switzerland\/privacy-policy\/#webpage","url":"http:\/\/vapepro.eu\/switzerland\/privacy-policy\/","name":"Privacy policy - Vapepro","isPartOf":{"@id":"https:\/\/vapepro.eu\/switzerland\/#website"},"datePublished":"2021-02-04T12:13:42+00:00","dateModified":"2022-06-29T14:47:30+00:00","description":"Read more about Privacy policy from Vapepro - disposable vapes","breadcrumb":{"@id":"http:\/\/vapepro.eu\/switzerland\/privacy-policy\/#breadcrumb"},"inLanguage":"en-US","potentialAction":[{"@type":"ReadAction","target":["http:\/\/vapepro.eu\/switzerland\/privacy-policy\/"]}]},{"@type":"BreadcrumbList","@id":"http:\/\/vapepro.eu\/switzerland\/privacy-policy\/#breadcrumb","itemListElement":[{"@type":"ListItem","position":1,"name":"Home","item":"https:\/\/vapepro.eu\/switzerland\/"},{"@type":"ListItem","position":2,"name":"Privacy policy"}]}]}},"_links":{"self":[{"href":"http:\/\/vapepro.eu\/switzerland\/wp-json\/wp\/v2\/pages\/715","targetHints":{"allow":["GET"]}}],"collection":[{"href":"http:\/\/vapepro.eu\/switzerland\/wp-json\/wp\/v2\/pages"}],"about":[{"href":"http:\/\/vapepro.eu\/switzerland\/wp-json\/wp\/v2\/types\/page"}],"author":[{"embeddable":true,"href":"http:\/\/vapepro.eu\/switzerland\/wp-json\/wp\/v2\/users\/1"}],"replies":[{"embeddable":true,"href":"http:\/\/vapepro.eu\/switzerland\/wp-json\/wp\/v2\/comments?post=715"}],"version-history":[{"count":8,"href":"http:\/\/vapepro.eu\/switzerland\/wp-json\/wp\/v2\/pages\/715\/revisions"}],"predecessor-version":[{"id":6908,"href":"http:\/\/vapepro.eu\/switzerland\/wp-json\/wp\/v2\/pages\/715\/revisions\/6908"}],"wp:attachment":[{"href":"http:\/\/vapepro.eu\/switzerland\/wp-json\/wp\/v2\/media?parent=715"}],"curies":[{"name":"wp","href":"https:\/\/api.w.org\/{rel}","templated":true}]}}