{"id":681,"date":"2021-02-04T13:12:51","date_gmt":"2021-02-04T11:12:51","guid":{"rendered":"https:\/\/vapepro.eu\/portugal\/cookie-policy\/"},"modified":"2022-06-26T17:07:41","modified_gmt":"2022-06-26T15:07:41","slug":"cookie-policy","status":"publish","type":"page","link":"https:\/\/vapepro.eu\/portugal\/cookie-policy\/","title":{"rendered":"Cookie policy"},"content":{"rendered":"\t\t<div data-elementor-type=\"wp-page\" data-elementor-id=\"681\" class=\"elementor elementor-681\" data-elementor-settings=\"[]\">\n\t\t\t\t\t\t\t<div class=\"elementor-section-wrap\">\n\t\t\t\t\t\t\t<section class=\"elementor-section elementor-top-section elementor-element elementor-element-cb09916 elementor-section-boxed elementor-section-height-default elementor-section-height-default\" data-id=\"cb09916\" data-element_type=\"section\" data-settings=\"{&quot;background_background&quot;:&quot;classic&quot;}\">\n\t\t\t\t\t\t<div class=\"elementor-container elementor-column-gap-default\">\n\t\t\t\t\t<div class=\"elementor-column elementor-col-100 elementor-top-column elementor-element elementor-element-32571c0\" data-id=\"32571c0\" data-element_type=\"column\">\n\t\t\t<div class=\"elementor-widget-wrap elementor-element-populated\">\n\t\t\t\t\t\t\t\t<div class=\"elementor-element elementor-element-0706350 elementor-widget elementor-widget-heading\" data-id=\"0706350\" data-element_type=\"widget\" data-widget_type=\"heading.default\">\n\t\t\t\t<div class=\"elementor-widget-container\">\n\t\t\t<h1 class=\"elementor-heading-title elementor-size-default\">Pol\u00edtica de cookies<\/h1>\t\t<\/div>\n\t\t\t\t<\/div>\n\t\t\t\t\t<\/div>\n\t\t<\/div>\n\t\t\t\t\t\t\t<\/div>\n\t\t<\/section>\n\t\t\t\t<section class=\"elementor-section elementor-top-section elementor-element elementor-element-d1d623e elementor-section-boxed elementor-section-height-default elementor-section-height-default\" data-id=\"d1d623e\" data-element_type=\"section\" data-settings=\"{&quot;background_background&quot;:&quot;classic&quot;}\">\n\t\t\t\t\t\t<div class=\"elementor-container elementor-column-gap-default\">\n\t\t\t\t\t<div class=\"elementor-column elementor-col-100 elementor-top-column elementor-element elementor-element-5294ba3\" data-id=\"5294ba3\" data-element_type=\"column\">\n\t\t\t<div class=\"elementor-widget-wrap elementor-element-populated\">\n\t\t\t\t\t\t\t\t<div class=\"elementor-element elementor-element-5b5a8fb elementor-widget elementor-widget-text-editor\" data-id=\"5b5a8fb\" data-element_type=\"widget\" data-widget_type=\"text-editor.default\">\n\t\t\t\t<div class=\"elementor-widget-container\">\n\t\t\t\t\t\t\t<p>Usamos cookies ou ferramentas semelhantes em nossos sites para melhorar seu desempenho e sua experi\u00eancia. Esta pol\u00edtica explica como fazemos isso.<\/p><p>O que s\u00e3o biscoitos?<\/p><p>Desempenham diferentes fun\u00e7\u00f5es:<\/p><p>Cookies importantes<br \/>Alguns cookies s\u00e3o vitais para o funcionamento dos nossos sites. Permitem-nos identificar os utilizadores registados.<br \/>Cookies relacionados com a efic\u00e1cia do site<br \/>Usamos outros cookies para analisar como os visitantes usam nossos sites e monitorar o desempenho de nosso site. Isso nos permite oferecer uma experi\u00eancia de alta qualidade personalizando o conte\u00fado oferecido e identificando e resolvendo rapidamente v\u00e1rios problemas.<br \/>Cookies funcionais<br \/>Os cookies funcionais nos permitem lembrar suas prefer\u00eancias, como tamanho da fonte e outras configura\u00e7\u00f5es pessoais. Por exemplo, os cookies economizam o tempo e o esfor\u00e7o de inserir um nome de usu\u00e1rio toda vez que voc\u00ea visita nosso site.<\/p><p>Como desativar os cookies?<\/p><p>Todos os navegadores modernos permitem alterar as configura\u00e7\u00f5es de cookies. Normalmente, voc\u00ea pode encontrar essas configura\u00e7\u00f5es no menu &#8220;op\u00e7\u00f5es&#8221; ou &#8220;prefer\u00eancias&#8221; do seu navegador. Para estar ciente dessas configura\u00e7\u00f5es, os links a seguir podem ajud\u00e1-lo ou voc\u00ea pode usar o bot\u00e3o Ajuda nos menus do navegador para obter mais detalhes:<br \/>Configura\u00e7\u00f5es de cookies no Internet Explorer<br \/>Configura\u00e7\u00f5es de cookies no Firefox<br \/>Configura\u00e7\u00f5es de cookies no Chrome<br \/>Configura\u00e7\u00f5es de cookies no Safari web e iOS.<\/p><p>Lembre-se de que, se voc\u00ea decidir interromper os cookies, algumas se\u00e7\u00f5es do nosso site podem n\u00e3o funcionar corretamente.<\/p><p>Usamos cookies que cont\u00eam seus dados pessoais?<\/p><p>N\u00e3o, os cookies que usamos s\u00e3o an\u00f4nimos e n\u00e3o cont\u00eam dados pessoais.<\/p><p>Mais informa\u00e7\u00f5es<\/p><p>Mais informa\u00e7\u00f5es sobre como as empresas usam cookies est\u00e3o dispon\u00edveis em: www.allaboutcookies.org.<br \/>Se voc\u00ea tiver alguma d\u00favida sobre esta Pol\u00edtica de Cookies, entre em contato conosco pelo e-mail: office@vapepro.bg<\/p><p><a href=\"mailto:office@vapepro.bg\">office@vapepro.bg<\/a><\/p>\t\t\t\t\t\t<\/div>\n\t\t\t\t<\/div>\n\t\t\t\t\t<\/div>\n\t\t<\/div>\n\t\t\t\t\t\t\t<\/div>\n\t\t<\/section>\n\t\t\t\t\t\t<\/div>\n\t\t\t\t\t<\/div>\n\t\t","protected":false},"excerpt":{"rendered":"<p>Pol\u00edtica de cookies Usamos cookies ou ferramentas semelhantes em nossos sites para melhorar seu desempenho e sua experi\u00eancia. Esta pol\u00edtica explica como fazemos isso. O que s\u00e3o biscoitos? Desempenham diferentes fun\u00e7\u00f5es: Cookies importantesAlguns cookies s\u00e3o vitais para o funcionamento dos nossos sites. Permitem-nos identificar os utilizadores registados.Cookies relacionados com a efic\u00e1cia do siteUsamos outros cookies [&hellip;]<\/p>\n","protected":false},"author":1,"featured_media":0,"parent":0,"menu_order":0,"comment_status":"closed","ping_status":"closed","template":"","meta":{"footnotes":""},"class_list":["post-681","page","type-page","status-publish","hentry"],"yoast_head":"<!-- This site is optimized with the Yoast SEO plugin v17.0 - https:\/\/yoast.com\/wordpress\/plugins\/seo\/ -->\n<title>Cookie policy - Vapepro<\/title>\n<meta name=\"description\" content=\"\u041f\u0440\u043e\u0447\u0435\u0442\u0435\u0442\u0435 \u043f\u043e\u0432\u0435\u0447\u0435 \u0437\u0430 Cookie policy \u043e\u0442 Vapepro - \u0435\u043b\u0435\u043a\u0442\u0440\u043e\u043d\u043d\u0438 \u043d\u0430\u0440\u0433\u0438\u043b\u0435\u0442\u0430\" \/>\n<meta name=\"robots\" content=\"index, follow, max-snippet:-1, max-image-preview:large, max-video-preview:-1\" \/>\n<link rel=\"canonical\" href=\"https:\/\/vapepro.eu\/portugal\/cookie-policy\/\" \/>\n<meta property=\"og:locale\" content=\"en_US\" \/>\n<meta property=\"og:type\" content=\"article\" \/>\n<meta property=\"og:title\" content=\"Cookie policy - Vapepro\" \/>\n<meta property=\"og:description\" content=\"\u041f\u0440\u043e\u0447\u0435\u0442\u0435\u0442\u0435 \u043f\u043e\u0432\u0435\u0447\u0435 \u0437\u0430 Cookie policy \u043e\u0442 Vapepro - \u0435\u043b\u0435\u043a\u0442\u0440\u043e\u043d\u043d\u0438 \u043d\u0430\u0440\u0433\u0438\u043b\u0435\u0442\u0430\" \/>\n<meta property=\"og:url\" content=\"https:\/\/vapepro.eu\/portugal\/cookie-policy\/\" \/>\n<meta property=\"og:site_name\" content=\"Vapepro\" \/>\n<meta property=\"article:publisher\" content=\"https:\/\/www.facebook.com\/vapeproofficial\" \/>\n<meta property=\"article:modified_time\" content=\"2022-06-26T15:07:41+00:00\" \/>\n<meta property=\"og:image\" content=\"https:\/\/vapepro.eu\/portugal\/wp-content\/uploads\/2021\/02\/VAPEPRO-LOGO-COLORS-SOCIAL-04-removebg-preview-1.png\" \/>\n\t<meta property=\"og:image:width\" content=\"500\" \/>\n\t<meta property=\"og:image:height\" content=\"500\" \/>\n<meta name=\"twitter:card\" content=\"summary_large_image\" \/>\n<meta name=\"twitter:label1\" content=\"Est. reading time\" \/>\n\t<meta name=\"twitter:data1\" content=\"2 minutes\" \/>\n<script type=\"application\/ld+json\" class=\"yoast-schema-graph\">{\"@context\":\"https:\/\/schema.org\",\"@graph\":[{\"@type\":\"Organization\",\"@id\":\"https:\/\/vapepro.eu\/portugal\/#organization\",\"name\":\"Vapepro\",\"url\":\"https:\/\/vapepro.eu\/portugal\/\",\"sameAs\":[\"https:\/\/www.facebook.com\/vapeproofficial\",\"https:\/\/www.instagram.com\/vapeproofficial\/\",\"https:\/\/www.youtube.com\/channel\/UCKJ733xAz3eO6VqQdH_50iA?guided_help_flow=3\"],\"logo\":{\"@type\":\"ImageObject\",\"@id\":\"https:\/\/vapepro.eu\/portugal\/#logo\",\"inLanguage\":\"en-US\",\"url\":\"https:\/\/vapepro.eu\/portugal\/wp-content\/uploads\/2021\/02\/VAPEPRO-LOGO-COLORS-SOCIAL-04-removebg-preview-1.png\",\"contentUrl\":\"https:\/\/vapepro.eu\/portugal\/wp-content\/uploads\/2021\/02\/VAPEPRO-LOGO-COLORS-SOCIAL-04-removebg-preview-1.png\",\"width\":500,\"height\":500,\"caption\":\"Vapepro\"},\"image\":{\"@id\":\"https:\/\/vapepro.eu\/portugal\/#logo\"}},{\"@type\":\"WebSite\",\"@id\":\"https:\/\/vapepro.eu\/portugal\/#website\",\"url\":\"https:\/\/vapepro.eu\/portugal\/\",\"name\":\"Vapepro\",\"description\":\"\\u0423\\u0431\\u0438\\u0435\\u0446\\u044a\\u0442 \\u043d\\u0430 \\u0446\\u0438\\u0433\\u0430\\u0440\\u0438\",\"publisher\":{\"@id\":\"https:\/\/vapepro.eu\/portugal\/#organization\"},\"potentialAction\":[{\"@type\":\"SearchAction\",\"target\":{\"@type\":\"EntryPoint\",\"urlTemplate\":\"https:\/\/vapepro.eu\/portugal\/?s={search_term_string}\"},\"query-input\":\"required name=search_term_string\"}],\"inLanguage\":\"en-US\"},{\"@type\":\"WebPage\",\"@id\":\"https:\/\/vapepro.eu\/portugal\/cookie-policy\/#webpage\",\"url\":\"https:\/\/vapepro.eu\/portugal\/cookie-policy\/\",\"name\":\"Cookie policy - Vapepro\",\"isPartOf\":{\"@id\":\"https:\/\/vapepro.eu\/portugal\/#website\"},\"datePublished\":\"2021-02-04T11:12:51+00:00\",\"dateModified\":\"2022-06-26T15:07:41+00:00\",\"description\":\"\\u041f\\u0440\\u043e\\u0447\\u0435\\u0442\\u0435\\u0442\\u0435 \\u043f\\u043e\\u0432\\u0435\\u0447\\u0435 \\u0437\\u0430 Cookie policy \\u043e\\u0442 Vapepro - \\u0435\\u043b\\u0435\\u043a\\u0442\\u0440\\u043e\\u043d\\u043d\\u0438 \\u043d\\u0430\\u0440\\u0433\\u0438\\u043b\\u0435\\u0442\\u0430\",\"breadcrumb\":{\"@id\":\"https:\/\/vapepro.eu\/portugal\/cookie-policy\/#breadcrumb\"},\"inLanguage\":\"en-US\",\"potentialAction\":[{\"@type\":\"ReadAction\",\"target\":[\"https:\/\/vapepro.eu\/portugal\/cookie-policy\/\"]}]},{\"@type\":\"BreadcrumbList\",\"@id\":\"https:\/\/vapepro.eu\/portugal\/cookie-policy\/#breadcrumb\",\"itemListElement\":[{\"@type\":\"ListItem\",\"position\":1,\"name\":\"\\u041d\\u0430\\u0447\\u0430\\u043b\\u043e\",\"item\":\"https:\/\/vapepro.eu\/portugal\/\"},{\"@type\":\"ListItem\",\"position\":2,\"name\":\"Cookie policy\"}]}]}<\/script>\n<!-- \/ Yoast SEO plugin. -->","yoast_head_json":{"title":"Cookie policy - Vapepro","description":"\u041f\u0440\u043e\u0447\u0435\u0442\u0435\u0442\u0435 \u043f\u043e\u0432\u0435\u0447\u0435 \u0437\u0430 Cookie policy \u043e\u0442 Vapepro - \u0435\u043b\u0435\u043a\u0442\u0440\u043e\u043d\u043d\u0438 \u043d\u0430\u0440\u0433\u0438\u043b\u0435\u0442\u0430","robots":{"index":"index","follow":"follow","max-snippet":"max-snippet:-1","max-image-preview":"max-image-preview:large","max-video-preview":"max-video-preview:-1"},"canonical":"https:\/\/vapepro.eu\/portugal\/cookie-policy\/","og_locale":"en_US","og_type":"article","og_title":"Cookie policy - Vapepro","og_description":"\u041f\u0440\u043e\u0447\u0435\u0442\u0435\u0442\u0435 \u043f\u043e\u0432\u0435\u0447\u0435 \u0437\u0430 Cookie policy \u043e\u0442 Vapepro - \u0435\u043b\u0435\u043a\u0442\u0440\u043e\u043d\u043d\u0438 \u043d\u0430\u0440\u0433\u0438\u043b\u0435\u0442\u0430","og_url":"https:\/\/vapepro.eu\/portugal\/cookie-policy\/","og_site_name":"Vapepro","article_publisher":"https:\/\/www.facebook.com\/vapeproofficial","article_modified_time":"2022-06-26T15:07:41+00:00","og_image":[{"width":500,"height":500,"url":"https:\/\/vapepro.eu\/portugal\/wp-content\/uploads\/2021\/02\/VAPEPRO-LOGO-COLORS-SOCIAL-04-removebg-preview-1.png","path":"\/home\/maskprob\/vapepro.eu\/portugal\/wp-content\/uploads\/2021\/02\/VAPEPRO-LOGO-COLORS-SOCIAL-04-removebg-preview-1.png","size":"full","id":30,"alt":"vapepro - \u043b\u043e\u0433\u043e","pixels":250000,"type":"image\/png"}],"twitter_card":"summary_large_image","twitter_misc":{"Est. reading time":"2 minutes"},"schema":{"@context":"https:\/\/schema.org","@graph":[{"@type":"Organization","@id":"https:\/\/vapepro.eu\/portugal\/#organization","name":"Vapepro","url":"https:\/\/vapepro.eu\/portugal\/","sameAs":["https:\/\/www.facebook.com\/vapeproofficial","https:\/\/www.instagram.com\/vapeproofficial\/","https:\/\/www.youtube.com\/channel\/UCKJ733xAz3eO6VqQdH_50iA?guided_help_flow=3"],"logo":{"@type":"ImageObject","@id":"https:\/\/vapepro.eu\/portugal\/#logo","inLanguage":"en-US","url":"https:\/\/vapepro.eu\/portugal\/wp-content\/uploads\/2021\/02\/VAPEPRO-LOGO-COLORS-SOCIAL-04-removebg-preview-1.png","contentUrl":"https:\/\/vapepro.eu\/portugal\/wp-content\/uploads\/2021\/02\/VAPEPRO-LOGO-COLORS-SOCIAL-04-removebg-preview-1.png","width":500,"height":500,"caption":"Vapepro"},"image":{"@id":"https:\/\/vapepro.eu\/portugal\/#logo"}},{"@type":"WebSite","@id":"https:\/\/vapepro.eu\/portugal\/#website","url":"https:\/\/vapepro.eu\/portugal\/","name":"Vapepro","description":"\u0423\u0431\u0438\u0435\u0446\u044a\u0442 \u043d\u0430 \u0446\u0438\u0433\u0430\u0440\u0438","publisher":{"@id":"https:\/\/vapepro.eu\/portugal\/#organization"},"potentialAction":[{"@type":"SearchAction","target":{"@type":"EntryPoint","urlTemplate":"https:\/\/vapepro.eu\/portugal\/?s={search_term_string}"},"query-input":"required name=search_term_string"}],"inLanguage":"en-US"},{"@type":"WebPage","@id":"https:\/\/vapepro.eu\/portugal\/cookie-policy\/#webpage","url":"https:\/\/vapepro.eu\/portugal\/cookie-policy\/","name":"Cookie policy - Vapepro","isPartOf":{"@id":"https:\/\/vapepro.eu\/portugal\/#website"},"datePublished":"2021-02-04T11:12:51+00:00","dateModified":"2022-06-26T15:07:41+00:00","description":"\u041f\u0440\u043e\u0447\u0435\u0442\u0435\u0442\u0435 \u043f\u043e\u0432\u0435\u0447\u0435 \u0437\u0430 Cookie policy \u043e\u0442 Vapepro - \u0435\u043b\u0435\u043a\u0442\u0440\u043e\u043d\u043d\u0438 \u043d\u0430\u0440\u0433\u0438\u043b\u0435\u0442\u0430","breadcrumb":{"@id":"https:\/\/vapepro.eu\/portugal\/cookie-policy\/#breadcrumb"},"inLanguage":"en-US","potentialAction":[{"@type":"ReadAction","target":["https:\/\/vapepro.eu\/portugal\/cookie-policy\/"]}]},{"@type":"BreadcrumbList","@id":"https:\/\/vapepro.eu\/portugal\/cookie-policy\/#breadcrumb","itemListElement":[{"@type":"ListItem","position":1,"name":"\u041d\u0430\u0447\u0430\u043b\u043e","item":"https:\/\/vapepro.eu\/portugal\/"},{"@type":"ListItem","position":2,"name":"Cookie policy"}]}]}},"_links":{"self":[{"href":"https:\/\/vapepro.eu\/portugal\/wp-json\/wp\/v2\/pages\/681","targetHints":{"allow":["GET"]}}],"collection":[{"href":"https:\/\/vapepro.eu\/portugal\/wp-json\/wp\/v2\/pages"}],"about":[{"href":"https:\/\/vapepro.eu\/portugal\/wp-json\/wp\/v2\/types\/page"}],"author":[{"embeddable":true,"href":"https:\/\/vapepro.eu\/portugal\/wp-json\/wp\/v2\/users\/1"}],"replies":[{"embeddable":true,"href":"https:\/\/vapepro.eu\/portugal\/wp-json\/wp\/v2\/comments?post=681"}],"version-history":[{"count":13,"href":"https:\/\/vapepro.eu\/portugal\/wp-json\/wp\/v2\/pages\/681\/revisions"}],"predecessor-version":[{"id":6417,"href":"https:\/\/vapepro.eu\/portugal\/wp-json\/wp\/v2\/pages\/681\/revisions\/6417"}],"wp:attachment":[{"href":"https:\/\/vapepro.eu\/portugal\/wp-json\/wp\/v2\/media?parent=681"}],"curies":[{"name":"wp","href":"https:\/\/api.w.org\/{rel}","templated":true}]}}