{"id":681,"date":"2021-02-04T13:12:51","date_gmt":"2021-02-04T11:12:51","guid":{"rendered":"https:\/\/vapepro.eu\/turkey\/cookie-policy\/"},"modified":"2022-07-28T13:08:37","modified_gmt":"2022-07-28T11:08:37","slug":"cookie-policy","status":"publish","type":"page","link":"https:\/\/vapepro.eu\/turkey\/cookie-policy\/","title":{"rendered":"Cookie policy"},"content":{"rendered":"\t\t<div data-elementor-type=\"wp-page\" data-elementor-id=\"681\" class=\"elementor elementor-681\" data-elementor-settings=\"[]\">\n\t\t\t\t\t\t\t<div class=\"elementor-section-wrap\">\n\t\t\t\t\t\t\t<section class=\"elementor-section elementor-top-section elementor-element elementor-element-cb09916 elementor-section-boxed elementor-section-height-default elementor-section-height-default\" data-id=\"cb09916\" data-element_type=\"section\" data-settings=\"{&quot;background_background&quot;:&quot;classic&quot;}\">\n\t\t\t\t\t\t<div class=\"elementor-container elementor-column-gap-default\">\n\t\t\t\t\t<div class=\"elementor-column elementor-col-100 elementor-top-column elementor-element elementor-element-32571c0\" data-id=\"32571c0\" data-element_type=\"column\">\n\t\t\t<div class=\"elementor-widget-wrap elementor-element-populated\">\n\t\t\t\t\t\t\t\t<div class=\"elementor-element elementor-element-6d7ec05 elementor-widget elementor-widget-heading\" data-id=\"6d7ec05\" data-element_type=\"widget\" data-widget_type=\"heading.default\">\n\t\t\t\t<div class=\"elementor-widget-container\">\n\t\t\t<h1 class=\"elementor-heading-title elementor-size-default\">\u00c7erez politikas\u0131<\/h1>\t\t<\/div>\n\t\t\t\t<\/div>\n\t\t\t\t\t<\/div>\n\t\t<\/div>\n\t\t\t\t\t\t\t<\/div>\n\t\t<\/section>\n\t\t\t\t<section class=\"elementor-section elementor-top-section elementor-element elementor-element-d1d623e elementor-section-boxed elementor-section-height-default elementor-section-height-default\" data-id=\"d1d623e\" data-element_type=\"section\" data-settings=\"{&quot;background_background&quot;:&quot;classic&quot;}\">\n\t\t\t\t\t\t<div class=\"elementor-container elementor-column-gap-default\">\n\t\t\t\t\t<div class=\"elementor-column elementor-col-100 elementor-top-column elementor-element elementor-element-5294ba3\" data-id=\"5294ba3\" data-element_type=\"column\">\n\t\t\t<div class=\"elementor-widget-wrap elementor-element-populated\">\n\t\t\t\t\t\t\t\t<div class=\"elementor-element elementor-element-5b5a8fb elementor-widget elementor-widget-text-editor\" data-id=\"5b5a8fb\" data-element_type=\"widget\" data-widget_type=\"text-editor.default\">\n\t\t\t\t<div class=\"elementor-widget-container\">\n\t\t\t\t\t\t\t<p>Sitelerimizin performans\u0131n\u0131 ve deneyiminizi geli\u015ftirmek i\u00e7in \u00e7erezler veya benzer ara\u00e7lar kullan\u0131yoruz. Bu politika, bunu nas\u0131l yapt\u0131\u011f\u0131m\u0131z\u0131 a\u00e7\u0131klar.<\/p><p>\u00c7erezler nedir?<\/p><p>\u00c7erezler, bir sayfay\u0131 veya siteyi ziyaret etti\u011finizde bir web sitesinin bilgisayar\u0131n\u0131za veya mobil cihaz\u0131n\u0131za kaydedebilece\u011fi k\u00fc\u00e7\u00fck metin dosyalar\u0131d\u0131r. \u00c7erez, sitenin veya di\u011fer sitelerin, bir sonraki ziyaretinizde cihaz\u0131n\u0131z\u0131 tan\u0131mas\u0131na yard\u0131mc\u0131 olacakt\u0131r. Web i\u015faret\u00e7ileri veya di\u011fer benzer dosyalar da ayn\u0131s\u0131n\u0131 yapabilir. Bu \u015fekilde bilgi toplayan t\u00fcm dosyalar\u0131 adland\u0131rmak i\u00e7in bu politikada \u00e7erez terimini kullan\u0131yoruz.<br \/>\u00c7erezler bir\u00e7ok farkl\u0131 i\u015flevi yerine getirir. \u00d6rne\u011fin, kullan\u0131c\u0131 ad\u0131n\u0131z\u0131 veya tercihlerinizi hat\u0131rlamam\u0131za, sitelerimizin ne kadar iyi performans g\u00f6sterdi\u011fini analiz etmemize ve hatta ilginizi \u00e7ekece\u011fini d\u00fc\u015f\u00fcnd\u00fc\u011f\u00fcm\u00fcz i\u00e7eri\u011fi \u00f6nermemize yard\u0131mc\u0131 olurlar.<br \/>Baz\u0131 \u00e7erezler ki\u015fisel bilgiler i\u00e7erir &#8211; \u00f6rne\u011fin, hesab\u0131n\u0131za giri\u015f yaparken &#8220;Beni hat\u0131rla&#8221;y\u0131 t\u0131klad\u0131ysan\u0131z, \u00e7erez kullan\u0131c\u0131 ad\u0131n\u0131z\u0131 hat\u0131rlayacakt\u0131r. \u00c7erezlerin \u00e7o\u011fu sizi tan\u0131mlayabilecek bilgiler toplamaz, bunun yerine kullan\u0131c\u0131lar\u0131n sitelerimize nas\u0131l eri\u015fti\u011fi ve sitelerimizi nas\u0131l kulland\u0131\u011f\u0131 veya konumlar\u0131n\u0131n ne oldu\u011fu hakk\u0131nda genel bilgiler toplar.<\/p><p>Ne t\u00fcr \u00e7erezler kullan\u0131yoruz?<\/p><p>Farkl\u0131 i\u015flevleri yerine getirirler:<\/p><p>\u00d6nemli \u00e7erezler<br \/>Baz\u0131 \u00e7erezler sitelerimizin \u00e7al\u0131\u015fmas\u0131 i\u00e7in hayati \u00f6neme sahiptir. Kay\u0131tl\u0131 kullan\u0131c\u0131lar\u0131 tan\u0131mlamam\u0131za izin verirler.<br \/>Sitenin etkinli\u011fi ile ilgili \u00e7erezler<br \/>Ziyaret\u00e7ilerin sitelerimizi nas\u0131l kulland\u0131\u011f\u0131n\u0131 analiz etmek ve sitemizin performans\u0131n\u0131 izlemek i\u00e7in di\u011fer \u00e7erezleri kullan\u0131yoruz. Bu, sunulan i\u00e7eri\u011fi \u00f6zelle\u015ftirerek ve \u00e7e\u015fitli sorunlar\u0131 h\u0131zla belirleyip \u00e7\u00f6zerek size y\u00fcksek kaliteli bir deneyim sunmam\u0131z\u0131 sa\u011flar.<br \/>Fonksiyonel \u00e7erezler<br \/>\u0130\u015flevsel tan\u0131mlama bilgileri, yaz\u0131 tipi boyutu ve di\u011fer ki\u015fisel ayarlar gibi tercihlerinizi hat\u0131rlamam\u0131z\u0131 sa\u011flar. \u00d6rne\u011fin, \u00e7erezler, sitemizi her ziyaret etti\u011finizde bir kullan\u0131c\u0131 ad\u0131 girme zahmetinden ve zamandan tasarruf etmenizi sa\u011flar.<\/p><p>\u00c7erezler nas\u0131l kapat\u0131l\u0131r?<\/p><p>T\u00fcm modern taray\u0131c\u0131lar, \u00e7erez ayarlar\u0131n\u0131 de\u011fi\u015ftirmenize izin verir. Bu ayarlar\u0131 genellikle taray\u0131c\u0131n\u0131z\u0131n &#8220;se\u00e7enekler&#8221; veya &#8220;tercihler&#8221; men\u00fcs\u00fcnde bulabilirsiniz. Bu ayarlardan haberdar olmak i\u00e7in a\u015fa\u011f\u0131daki ba\u011flant\u0131lar size yard\u0131mc\u0131 olabilir veya daha fazla ayr\u0131nt\u0131 i\u00e7in taray\u0131c\u0131n\u0131z\u0131n men\u00fclerindeki Yard\u0131m d\u00fc\u011fmesini kullanabilirsiniz:<br \/>Internet Explorer&#8217;da \u00e7erez ayarlar\u0131<br \/>Firefox&#8217;ta \u00e7erez ayarlar\u0131<br \/>Chrome&#8217;da \u00e7erez ayarlar\u0131<br \/>Safari web ve iOS&#8217;ta \u00e7erez ayarlar\u0131.<\/p><p>\u00c7erezleri durdurmaya karar verirseniz, sitemizin baz\u0131 b\u00f6l\u00fcmlerinin d\u00fczg\u00fcn \u00e7al\u0131\u015fmayabilece\u011fini l\u00fctfen unutmay\u0131n.<\/p><p>Ki\u015fisel verilerinizi i\u00e7eren \u00e7erezler kullan\u0131yor muyuz?<\/p><p>Hay\u0131r, kulland\u0131\u011f\u0131m\u0131z \u00e7erezler anonimdir ve herhangi bir ki\u015fisel veri i\u00e7ermez.<\/p><p>Daha fazla bilgi<\/p><p>\u0130\u015fletmelerin \u00e7erezleri nas\u0131l kulland\u0131\u011f\u0131 hakk\u0131nda daha fazla bilgiyi \u015fu adreste bulabilirsiniz: www.allaboutcookies.org.<br \/>Bu \u00c7erez Politikas\u0131 ile ilgili herhangi bir sorunuz varsa, l\u00fctfen bize e-posta ile ula\u015f\u0131n: office@vapepro.bg<\/p>\t\t\t\t\t\t<\/div>\n\t\t\t\t<\/div>\n\t\t\t\t\t<\/div>\n\t\t<\/div>\n\t\t\t\t\t\t\t<\/div>\n\t\t<\/section>\n\t\t\t\t\t\t<\/div>\n\t\t\t\t\t<\/div>\n\t\t","protected":false},"excerpt":{"rendered":"<p>\u00c7erez politikas\u0131 Sitelerimizin performans\u0131n\u0131 ve deneyiminizi geli\u015ftirmek i\u00e7in \u00e7erezler veya benzer ara\u00e7lar kullan\u0131yoruz. Bu politika, bunu nas\u0131l yapt\u0131\u011f\u0131m\u0131z\u0131 a\u00e7\u0131klar. \u00c7erezler nedir? \u00c7erezler, bir sayfay\u0131 veya siteyi ziyaret etti\u011finizde bir web sitesinin bilgisayar\u0131n\u0131za veya mobil cihaz\u0131n\u0131za kaydedebilece\u011fi k\u00fc\u00e7\u00fck metin dosyalar\u0131d\u0131r. \u00c7erez, sitenin veya di\u011fer sitelerin, bir sonraki ziyaretinizde cihaz\u0131n\u0131z\u0131 tan\u0131mas\u0131na yard\u0131mc\u0131 olacakt\u0131r. Web i\u015faret\u00e7ileri veya di\u011fer [&hellip;]<\/p>\n","protected":false},"author":1,"featured_media":0,"parent":0,"menu_order":0,"comment_status":"closed","ping_status":"closed","template":"","meta":{"footnotes":""},"class_list":["post-681","page","type-page","status-publish","hentry"],"yoast_head":"<!-- This site is optimized with the Yoast SEO plugin v19.2 - https:\/\/yoast.com\/wordpress\/plugins\/seo\/ -->\n<title>Cookie policy - Vapepro<\/title>\n<meta name=\"description\" content=\"Read more about Cookie policy from Vapepro - disposable vapes\" \/>\n<meta name=\"robots\" content=\"index, follow, max-snippet:-1, max-image-preview:large, max-video-preview:-1\" \/>\n<link rel=\"canonical\" href=\"https:\/\/vapepro.eu\/turkey\/cookie-policy\/\" \/>\n<meta property=\"og:locale\" content=\"en_US\" \/>\n<meta property=\"og:type\" content=\"article\" \/>\n<meta property=\"og:title\" content=\"Cookie policy - Vapepro\" \/>\n<meta property=\"og:description\" content=\"Read more about Cookie policy from Vapepro - disposable vapes\" \/>\n<meta property=\"og:url\" content=\"https:\/\/vapepro.eu\/turkey\/cookie-policy\/\" \/>\n<meta property=\"og:site_name\" content=\"Vapepro\" \/>\n<meta property=\"article:publisher\" content=\"https:\/\/www.facebook.com\/vapeproofficial\" \/>\n<meta property=\"article:modified_time\" content=\"2022-07-28T11:08:37+00:00\" \/>\n<meta property=\"og:image\" content=\"https:\/\/vapepro.eu\/turkey\/wp-content\/uploads\/2021\/02\/VAPEPRO-LOGO-COLORS-SOCIAL-04-removebg-preview-1.png\" \/>\n\t<meta property=\"og:image:width\" content=\"500\" \/>\n\t<meta property=\"og:image:height\" content=\"500\" \/>\n\t<meta property=\"og:image:type\" content=\"image\/png\" \/>\n<meta name=\"author\" content=\"vapepro\" \/>\n<meta name=\"twitter:card\" content=\"summary_large_image\" \/>\n<meta name=\"twitter:label1\" content=\"Est. reading time\" \/>\n\t<meta name=\"twitter:data1\" content=\"2 minutes\" \/>\n<script type=\"application\/ld+json\" class=\"yoast-schema-graph\">{\"@context\":\"https:\/\/schema.org\",\"@graph\":[{\"@type\":\"Organization\",\"@id\":\"https:\/\/vapepro.eu\/turkey\/#organization\",\"name\":\"Vapepro\",\"url\":\"https:\/\/vapepro.eu\/turkey\/\",\"sameAs\":[\"https:\/\/www.instagram.com\/vapeproofficial\/\",\"https:\/\/www.youtube.com\/channel\/UCKJ733xAz3eO6VqQdH_50iA?guided_help_flow=3\",\"https:\/\/www.facebook.com\/vapeproofficial\"],\"logo\":{\"@type\":\"ImageObject\",\"inLanguage\":\"en-US\",\"@id\":\"https:\/\/vapepro.eu\/turkey\/#\/schema\/logo\/image\/\",\"url\":\"https:\/\/vapepro.eu\/turkey\/wp-content\/uploads\/2021\/02\/VAPEPRO-LOGO-COLORS-SOCIAL-04-removebg-preview-1.png\",\"contentUrl\":\"https:\/\/vapepro.eu\/turkey\/wp-content\/uploads\/2021\/02\/VAPEPRO-LOGO-COLORS-SOCIAL-04-removebg-preview-1.png\",\"width\":500,\"height\":500,\"caption\":\"Vapepro\"},\"image\":{\"@id\":\"https:\/\/vapepro.eu\/turkey\/#\/schema\/logo\/image\/\"}},{\"@type\":\"WebSite\",\"@id\":\"https:\/\/vapepro.eu\/turkey\/#website\",\"url\":\"https:\/\/vapepro.eu\/turkey\/\",\"name\":\"Vapepro\",\"description\":\"\u0423\u0431\u0438\u0435\u0446\u044a\u0442 \u043d\u0430 \u0446\u0438\u0433\u0430\u0440\u0438\",\"publisher\":{\"@id\":\"https:\/\/vapepro.eu\/turkey\/#organization\"},\"potentialAction\":[{\"@type\":\"SearchAction\",\"target\":{\"@type\":\"EntryPoint\",\"urlTemplate\":\"https:\/\/vapepro.eu\/turkey\/?s={search_term_string}\"},\"query-input\":\"required name=search_term_string\"}],\"inLanguage\":\"en-US\"},{\"@type\":\"WebPage\",\"@id\":\"https:\/\/vapepro.eu\/turkey\/cookie-policy\/#webpage\",\"url\":\"https:\/\/vapepro.eu\/turkey\/cookie-policy\/\",\"name\":\"Cookie policy - Vapepro\",\"isPartOf\":{\"@id\":\"https:\/\/vapepro.eu\/turkey\/#website\"},\"datePublished\":\"2021-02-04T11:12:51+00:00\",\"dateModified\":\"2022-07-28T11:08:37+00:00\",\"description\":\"Read more about Cookie policy from Vapepro - disposable vapes\",\"breadcrumb\":{\"@id\":\"https:\/\/vapepro.eu\/turkey\/cookie-policy\/#breadcrumb\"},\"inLanguage\":\"en-US\",\"potentialAction\":[{\"@type\":\"ReadAction\",\"target\":[\"https:\/\/vapepro.eu\/turkey\/cookie-policy\/\"]}]},{\"@type\":\"BreadcrumbList\",\"@id\":\"https:\/\/vapepro.eu\/turkey\/cookie-policy\/#breadcrumb\",\"itemListElement\":[{\"@type\":\"ListItem\",\"position\":1,\"name\":\"Home\",\"item\":\"https:\/\/vapepro.eu\/turkey\/\"},{\"@type\":\"ListItem\",\"position\":2,\"name\":\"Cookie policy\"}]}]}<\/script>\n<!-- \/ Yoast SEO plugin. -->","yoast_head_json":{"title":"Cookie policy - Vapepro","description":"Read more about Cookie policy from Vapepro - disposable vapes","robots":{"index":"index","follow":"follow","max-snippet":"max-snippet:-1","max-image-preview":"max-image-preview:large","max-video-preview":"max-video-preview:-1"},"canonical":"https:\/\/vapepro.eu\/turkey\/cookie-policy\/","og_locale":"en_US","og_type":"article","og_title":"Cookie policy - Vapepro","og_description":"Read more about Cookie policy from Vapepro - disposable vapes","og_url":"https:\/\/vapepro.eu\/turkey\/cookie-policy\/","og_site_name":"Vapepro","article_publisher":"https:\/\/www.facebook.com\/vapeproofficial","article_modified_time":"2022-07-28T11:08:37+00:00","og_image":[{"width":500,"height":500,"url":"https:\/\/vapepro.eu\/turkey\/wp-content\/uploads\/2021\/02\/VAPEPRO-LOGO-COLORS-SOCIAL-04-removebg-preview-1.png","type":"image\/png"}],"author":"vapepro","twitter_card":"summary_large_image","twitter_misc":{"Est. reading time":"2 minutes"},"schema":{"@context":"https:\/\/schema.org","@graph":[{"@type":"Organization","@id":"https:\/\/vapepro.eu\/turkey\/#organization","name":"Vapepro","url":"https:\/\/vapepro.eu\/turkey\/","sameAs":["https:\/\/www.instagram.com\/vapeproofficial\/","https:\/\/www.youtube.com\/channel\/UCKJ733xAz3eO6VqQdH_50iA?guided_help_flow=3","https:\/\/www.facebook.com\/vapeproofficial"],"logo":{"@type":"ImageObject","inLanguage":"en-US","@id":"https:\/\/vapepro.eu\/turkey\/#\/schema\/logo\/image\/","url":"https:\/\/vapepro.eu\/turkey\/wp-content\/uploads\/2021\/02\/VAPEPRO-LOGO-COLORS-SOCIAL-04-removebg-preview-1.png","contentUrl":"https:\/\/vapepro.eu\/turkey\/wp-content\/uploads\/2021\/02\/VAPEPRO-LOGO-COLORS-SOCIAL-04-removebg-preview-1.png","width":500,"height":500,"caption":"Vapepro"},"image":{"@id":"https:\/\/vapepro.eu\/turkey\/#\/schema\/logo\/image\/"}},{"@type":"WebSite","@id":"https:\/\/vapepro.eu\/turkey\/#website","url":"https:\/\/vapepro.eu\/turkey\/","name":"Vapepro","description":"\u0423\u0431\u0438\u0435\u0446\u044a\u0442 \u043d\u0430 \u0446\u0438\u0433\u0430\u0440\u0438","publisher":{"@id":"https:\/\/vapepro.eu\/turkey\/#organization"},"potentialAction":[{"@type":"SearchAction","target":{"@type":"EntryPoint","urlTemplate":"https:\/\/vapepro.eu\/turkey\/?s={search_term_string}"},"query-input":"required name=search_term_string"}],"inLanguage":"en-US"},{"@type":"WebPage","@id":"https:\/\/vapepro.eu\/turkey\/cookie-policy\/#webpage","url":"https:\/\/vapepro.eu\/turkey\/cookie-policy\/","name":"Cookie policy - Vapepro","isPartOf":{"@id":"https:\/\/vapepro.eu\/turkey\/#website"},"datePublished":"2021-02-04T11:12:51+00:00","dateModified":"2022-07-28T11:08:37+00:00","description":"Read more about Cookie policy from Vapepro - disposable vapes","breadcrumb":{"@id":"https:\/\/vapepro.eu\/turkey\/cookie-policy\/#breadcrumb"},"inLanguage":"en-US","potentialAction":[{"@type":"ReadAction","target":["https:\/\/vapepro.eu\/turkey\/cookie-policy\/"]}]},{"@type":"BreadcrumbList","@id":"https:\/\/vapepro.eu\/turkey\/cookie-policy\/#breadcrumb","itemListElement":[{"@type":"ListItem","position":1,"name":"Home","item":"https:\/\/vapepro.eu\/turkey\/"},{"@type":"ListItem","position":2,"name":"Cookie policy"}]}]}},"_links":{"self":[{"href":"https:\/\/vapepro.eu\/turkey\/wp-json\/wp\/v2\/pages\/681","targetHints":{"allow":["GET"]}}],"collection":[{"href":"https:\/\/vapepro.eu\/turkey\/wp-json\/wp\/v2\/pages"}],"about":[{"href":"https:\/\/vapepro.eu\/turkey\/wp-json\/wp\/v2\/types\/page"}],"author":[{"embeddable":true,"href":"https:\/\/vapepro.eu\/turkey\/wp-json\/wp\/v2\/users\/1"}],"replies":[{"embeddable":true,"href":"https:\/\/vapepro.eu\/turkey\/wp-json\/wp\/v2\/comments?post=681"}],"version-history":[{"count":13,"href":"https:\/\/vapepro.eu\/turkey\/wp-json\/wp\/v2\/pages\/681\/revisions"}],"predecessor-version":[{"id":6423,"href":"https:\/\/vapepro.eu\/turkey\/wp-json\/wp\/v2\/pages\/681\/revisions\/6423"}],"wp:attachment":[{"href":"https:\/\/vapepro.eu\/turkey\/wp-json\/wp\/v2\/media?parent=681"}],"curies":[{"name":"wp","href":"https:\/\/api.w.org\/{rel}","templated":true}]}}